he remainder when 433707 is divided by 79?
76
Calculate the remainder when 34755 is divided by 519.
501
Calculate the remainder when 21223 is divided by 25.
23
What is the remainder when 7943 is divided by 106?
99
What is the remainder when 213754 is divided by 8221?
8
What is the remainder when 6832 is divided by 32?
16
Calculate the remainder when 829427 is divided by 238.
235
What is the remainder when 352248 is divided by 547?
527
What is the remainder when 36863 is divided by 9211?
19
What is the remainder when 53659 is divided by 1987?
10
Calculate the remainder when 12065 is divided by 20.
5
Calculate the remainder when 767 is divided by 233.
68
What is the remainder when 117648 is divided by 1782?
36
Calculate the remainder when 156855 is divided by 42.
27
What is the remainder when 254471 is divided by 35?
21
What is the remainder when 21766 is divided by 5364?
310
What is the remainder when 10394 is divided by 206?
94
Calculate the remainder when 10489 is divided by 2.
1
Calculate the remainder when 1234600 is divided by 359.
358
What is the remainder when 379074 is divided by 49?
10
Calculate the remainder when 3681 is divided by 393.
144
Calculate the remainder when 403 is divided by 101.
100
Calculate the remainder when 14607 is divided by 59.
34
What is the remainder when 117225 is divided by 24?
9
What is the remainder when 306535 is divided by 65?
60
Calculate the remainder when 92875 is divided by 39.
16
What is the remainder when 45098 is divided by 119?
116
What is the remainder when 5919 is divided by 235?
44
Calculate the remainder when 4235 is divided by 26.
23
What is the remainder when 135344 is divided by 12?
8
Calculate the remainder when 10516 is divided by 751.
2
What is the remainder when 4961 is divided by 65?
21
Calculate the remainder when 3309 is divided by 229.
103
What is the remainder when 13454 is divided by 59?
2
What is the remainder when 976865 is divided by 325618?
11
What is the remainder when 26319 is divided by 225?
219
What is the remainder when 19462 is divided by 278?
2
Calculate the remainder when 7511 is divided by 2066.
1313
Calculate the remainder when 174067 is divided by 8.
3
What is the remainder when 7287 is divided by 3639?
9
What is the remainder when 268639 is divided by 73?
72
Calculate the remainder when 15203 is divided by 1250.
203
Calculate the remainder when 1755 is divided by 81.
54
Calculate the remainder when 859054 is divided by 146.
136
What is the remainder when 15902 is divided by 1621?
1313
Calculate the remainder when 2991 is divided by 200.
191
What is the remainder when 210868 is divided by 639?
637
Calculate the remainder when 10310 is divided by 603.
59
Calculate the remainder when 36507 is divided by 1254.
141
What is the remainder when 729010 is divided by 316?
314
What is the remainder when 35283 is divided by 1411?
8
Calculate the remainder when 2920 is divided by 289.
30
Calculate the remainder when 73945 is divided by 2738.
19
What is the remainder when 7380 is divided by 1476?
0
Calculate the remainder when 52688 is divided by 17560.
8
What is the remainder when 9686 is divided by 402?
38
What is the remainder when 3376 is divided by 1685?
6
What is the remainder when 12799 is divided by 32?
31
What is the remainder when 4905 is divided by 115?
75
What is the remainder when 880 is divided by 478?
402
What is the remainder when 65298 is divided by 1389?
15
Calculate the remainder when 1260 is divided by 68.
36
Calculate the remainder when 60621 is divided by 1732.
1
What is the remainder when 295759 is divided by 16431?
1
What is the remainder when 954 is divided by 233?
22
What is the remainder when 399410 is divided by 75?
35
What is the remainder when 2081 is divided by 54?
29
What is the remainder when 2197 is divided by 238?
55
Calculate the remainder when 6198065 is divided by 798.
797
Calculate the remainder when 5689 is divided by 5.
4
What is the remainder when 54505 is divided by 81?
73
Calculate the remainder when 48445 is divided by 31.
23
What is the remainder when 3908 is divided by 208?
164
What is the remainder when 382 is divided by 320?
62
Calculate the remainder when 9014 is divided by 693.
5
What is the remainder when 2601184 is divided by 467?
461
Calculate the remainder when 188287 is divided by 78.
73
What is the remainder when 18854 is divided by 324?
62
Calculate the remainder when 231487 is divided by 32.
31
What is the remainder when 526003 is divided by 52599?
13
Calculate the remainder when 448 is divided by 387.
61
What is the remainder when 701 is divided by 47?
43
Calculate the remainder when 16741 is divided by 8363.
15
What is the remainder when 21657 is divided by 285?
282
What is the remainder when 5134 is divided by 1271?
50
Calculate the remainder when 27017 is divided by 8994.
35
What is the remainder when 12470 is divided by 156?
146
What is the remainder when 22095 is divided by 87?
84
Calculate the remainder when 4162 is divided by 989.
206
Calculate the remainder when 98991 is divided by 404.
11
What is the remainder when 6915 is divided by 3442?
31
What is the remainder when 14510 is divided by 2167?
1508
What is the remainder when 230126 is divided by 16?
14
Calculate the remainder when 25368 is divided by 25360.
8
What is the remainder when 214212 is divided by 51?
12
Calculate the remainder when 9532 is divided by 1571.
106
Calculate the remainder when 9349 is divided by 389.
13
Calculate the remainder when 69579 is divided by 4346.
43
Calculate the remainder when 2511 is divided by 1061.
389
What is the remainder when 1101698 is divided by 733?
732
Calculate the remainder when 9562 is divided by 1802.
552
Calculate the remainder when 577840 is divided by 96297.
58
What is the remainder when 3808 is divided by 72?
64
What is the remainder when 11278 is divided by 801?
64
Calculate the remainder when 1383 is divided by 576.
231
Calculate the remainder when 14015 is divided by 43.
40
What is the remainder when 4516 is divided by 2166?
184
Calculate the remainder when 95690 is divided by 1196.
10
What is the remainder when 515001 is divided by 257496?
9
Calculate the remainder when 987 is divided by 160.
27
What is the remainder when 9411 is divided by 1175?
11
What is the remainder when 39149 is divided by 450?
449
What is the remainder when 47487 is divided by 21?
6
Calculate the remainder when 4993 is divided by 151.
10
What is the remainder when 34879 is divided by 50?
29
What is the remainder when 14334 is divided by 112?
110
What is the remainder when 14120 is divided by 107?
103
What is the remainder when 5878 is divided by 22?
4
Calculate the remainder when 5388 is divided by 103.
32
Calculate the remainder when 1410943 is divided by 16.
15
What is the remainder when 1622 is divided by 42?
26
Calculate the remainder when 9336 is divided by 1227.
747
Calculate the remainder when 701668 is divided by 38.
36
Calculate the remainder when 620758 is divided by 151.
148
Calculate the remainder when 13196 is divided by 3289.
40
Calculate the remainder when 77306 is divided by 19326.
2
What is the remainder when 14740 is divided by 601?
316
What is the remainder when 3143 is divided by 1530?
83
Calculate the remainder when 5636 is divided by 84.
8
Calculate the remainder when 21396 is divided by 2662.
100
What is the remainder when 5034 is divided by 27?
12
What is the remainder when 38340 is divided by 153?
90
Calculate the remainder when 488 is divided by 120.
8
Calculate the remainder when 16558 is divided by 2068.
14
What is the remainder when 787331 is divided by 11?
6
What is the remainder when 2563174 is divided by 511?
509
Calculate the remainder when 11281 is divided by 1410.
1
What is the remainder when 358015 is divided by 26?
21
Calculate the remainder when 51401 is divided by 273.
77
Calculate the remainder when 2847 is divided by 156.
39
Calculate the remainder when 79104 is divided by 116.
108
Calculate the remainder when 5374 is divided by 68.
2
What is the remainder when 3450 is divided by 112?
90
Calculate the remainder when 1547 is divided by 65.
52
Calculate the remainder when 39458 is divided by 1126.
48
What is the remainder when 23833 is divided by 554?
11
What is the remainder when 12459 is 